0 is divided by 1768825?
30
What is the remainder when 1050312 is divided by 105?
102
What is the remainder when 33055602 is divided by 387?
384
Calculate the remainder when 32222351 is divided by 10740777.
20
Calculate the remainder when 2730872 is divided by 303429.
11
Calculate the remainder when 599212 is divided by 75.
37
Calculate the remainder when 834968 is divided by 6523.
24
What is the remainder when 13442404 is divided by 1739?
1673
What is the remainder when 3048978 is divided by 846?
840
Calculate the remainder when 5122107 is divided by 210.
207
Calculate the remainder when 234852 is divided by 4344.
276
What is the remainder when 10316623 is divided by 3224?
3047
Calculate the remainder when 1507448 is divided by 1700.
1248
What is the remainder when 43789025 is divided by 1357?
1349
Calculate the remainder when 1903954 is divided by 634614.
112
What is the remainder when 41333119 is divided by 42?
37
Calculate the remainder when 31822 is divided by 3441.
853
Calculate the remainder when 9863803 is divided by 82889.
12
Calculate the remainder when 706125 is divided by 11.
2
What is the remainder when 101581388 is divided by 136?
132
Calculate the remainder when 1278061 is divided by 552.
181
Calculate the remainder when 53383 is divided by 3957.
1942
Calculate the remainder when 15286991 is divided by 47182.
23
What is the remainder when 99845 is divided by 32753?
1586
What is the remainder when 272855 is divided by 1019?
782
What is the remainder when 453245 is divided by 1215?
50
What is the remainder when 519506 is divided by 129875?
6
Calculate the remainder when 9123 is divided by 1543.
1408
What is the remainder when 38525416 is divided by 919?
17
What is the remainder when 333953 is divided by 66754?
183
Calculate the remainder when 132398267 is divided by 19667.
23
What is the remainder when 7529982 is divided by 74?
38
Calculate the remainder when 121390 is divided by 30343.
18
Calculate the remainder when 4370978 is divided by 73.
30
Calculate the remainder when 2119155 is divided by 18.
15
Calculate the remainder when 4314682 is divided by 6018.
5794
What is the remainder when 9502861 is divided by 3332?
3329
What is the remainder when 206574 is divided by 68755?
309
Calculate the remainder when 2908431 is divided by 7075.
606
Calculate the remainder when 3290240 is divided by 2320.
480
Calculate the remainder when 6282898 is divided by 342.
16
Calculate the remainder when 165732 is divided by 1154.
710
Calculate the remainder when 3113319 is divided by 7240.
119
Calculate the remainder when 4612 is divided by 2187.
238
What is the remainder when 36536 is divided by 1497?
608
What is the remainder when 236891 is divided by 14794?
187
What is the remainder when 1542769 is divided by 59337?
7
What is the remainder when 133490 is divided by 321?
275
Calculate the remainder when 1019624 is divided by 1634.
8
What is the remainder when 2382397 is divided by 2548?
17
What is the remainder when 25255790 is divided by 225?
215
What is the remainder when 302679 is divided by 15066?
1359
Calculate the remainder when 2343930 is divided by 1171950.
30
Calculate the remainder when 99659748 is divided by 349.
6
Calculate the remainder when 124892386 is divided by 4397.
4395
What is the remainder when 940750 is divided by 236?
54
Calculate the remainder when 1862691 is divided by 634.
633
Calculate the remainder when 15959122 is divided by 805.
802
Calculate the remainder when 2179143 is divided by 22.
21
What is the remainder when 21378867 is divided by 56?
27
What is the remainder when 316732 is divided by 5976?
4
Calculate the remainder when 594012 is divided by 6319.
26
Calculate the remainder when 377307752 is divided by 18.
14
What is the remainder when 222458 is divided by 44356?
678
Calculate the remainder when 10506 is divided by 2003.
491
Calculate the remainder when 31579106 is divided by 21.
20
Calculate the remainder when 110773 is divided by 55208.
357
Calculate the remainder when 44466801 is divided by 1744.
33
What is the remainder when 3156092 is divided by 315607?
22
What is the remainder when 427958 is divided by 85055?
2683
Calculate the remainder when 589579 is divided by 2387.
2377
Calculate the remainder when 885016 is divided by 102.
64
Calculate the remainder when 2938494 is divided by 4613.
13
Calculate the remainder when 148324 is divided by 6770.
6154
Calculate the remainder when 424890 is divided by 40.
10
What is the remainder when 1394887 is divided by 1450?
1437
Calculate the remainder when 1571190 is divided by 4.
2
What is the remainder when 488904 is divided by 39604?
13656
What is the remainder when 117900 is divided by 16829?
97
Calculate the remainder when 168793 is divided by 1024.
857
Calculate the remainder when 37008576 is divided by 411206.
36
What is the remainder when 1524799 is divided by 14690?
11729
What is the remainder when 909067 is divided by 1284?
1279
Calculate the remainder when 634724607 is divided by 6784.
6783
What is the remainder when 13244877 is divided by 6?
3
Calculate the remainder when 308286 is divided by 1312.
1278
What is the remainder when 943541 is divided by 7670?
131
What is the remainder when 826898 is divided by 27556?
218
Calculate the remainder when 3513429 is divided by 227.
150
Calculate the remainder when 6079 is divided by 6050.
29
Calculate the remainder when 6296655 is divided by 74.
69
Calculate the remainder when 72006 is divided by 79.
37
What is the remainder when 11993949 is divided by 2998399?
353
Calculate the remainder when 519226 is divided by 3904.
3898
Calculate the remainder when 261514 is divided by 2472.
1954
What is the remainder when 4719839 is divided by 141?
5
Calculate the remainder when 3624530 is divided by 551.
52
Calculate the remainder when 402671 is divided by 258.
191
Calculate the remainder when 64685595 is divided by 6446.
6431
What is the remainder when 1751418 is divided by 29675?
593
Calculate the remainder when 38619891 is divided by 497.
9
Calculate the remainder when 35275 is divided by 2508.
163
What is the remainder when 4109889 is divided by 39900?
189
What is the remainder when 1709225 is divided by 214?
7
What is the remainder when 30230526 is divided by 15115258?
10
What is the remainder when 137403 is divided by 1783?
112
What is the remainder when 81583339 is divided by 1623?
1621
What is the remainder when 1694313 is divided by 657?
567
What is the remainder when 55138444 is divided by 2950?
2944
What is the remainder when 22108632 is divided by 113?
69
Calculate the remainder when 1896738 is divided by 3771.
3696
What is the remainder when 608122 is divided by 75994?
170
What is the remainder when 262499 is divided by 20185?
94
What is the remainder when 38328 is divided by 1814?
234
Calculate the remainder when 60007737 is divided by 35.
27
What is the remainder when 58908 is divided by 948?
132
What is the remainder when 17240044 is divided by 1585?
1584
What is the remainder when 47393217 is divided by 5939?
5936
Calculate the remainder when 21651 is divided by 4203.
636
Calculate the remainder when 381771 is divided by 188.
131
Calculate the remainder when 89084 is divided by 606.
2
Calculate the remainder when 1033144 is divided by 818.
10
What is the remainder when 3955892 is divided by 1692?
1688
Calculate the remainder when 3166885 is divided by 1055618.
31
What is the remainder when 811337 is divided by 1807?
1801
Calculate the remainder when 349002 is divided by 345000.
4002
What is the remainder when 10086880 is divided by 56?
48
Calculate the remainder when 136203116 is divided by 270.
266
What is the remainder when 705004 is divided by 234969?
97
What is the remainder when 18782 is divided by 3526?
1152
What is the remainder when 2636986 is divided by 811?
425
What is the remainder when 22199734 is divided by 24?
22
What is the remainder when 2436141 is divided by 4157?
139
Calculate the remainder when 3781536 is divided by 3006.
2994
Calculate the remainder when 14713503 is divided by 123.
120
Calculate the remainder when 60472 is divided by 59094.
1378
Calculate the remainder when 1145185 is divided by 75.
10
What is the remainder when 131265538 is divided by 315?
313
Calculate the remain